 - 15 = z. Suppose 0 = -b + 2*p + 14, h*b - 2*p = 22 + 22. Calculate the greatest common divisor of 80 and b.
10
Let h = -146 + 146. Let r(u) = -6*u + 95. Let s be r(h). What is the highest common divisor of s and 19?
19
Let s(g) = 8*g - 86. Let c be s(13). Let v be 11 - (-1 - -3)/(-2). Calculate the greatest common factor of v and c.
6
Let q(i) = 36*i + 48. Let m(h) = -5*h - 7. Let o(l) = -27*m(l) - 4*q(l). Let w be o(-3). What is the greatest common divisor of 4 and w?
4
Let h be 38 - 43 - (-35)/1. Calculate the greatest common factor of h and 42.
6
Let z be 116/18 - 324/729. What is the greatest common factor of 81 and z?
3
Suppose 5*w + 3*s = 137, 2*w - 116 = -2*w - 4*s. Let p be (-25 - -3)/(3/(-57)). Let r = -293 + p. What is the highest common factor of w and r?
25
Let r(p) = 5*p**3 - 3*p**2 + 24*p - 116. Let q be r(4). What is the greatest common factor of q and 56?
28
Let t be ((-1)/(-2))/((-1)/(-60)). Suppose -2*k - 2*h + 18 = -24, -k = 4*h - t. Suppose -12*q + k = -11*q. What is the greatest common divisor of q and 27?
9
Let n be (-1 - 0)/(3/(-45)). Let p(b) = 7*b - 32. Let v be p(26). Calculate the greatest common divisor of v and n.
15
Suppose t = 9*t - 56. Suppose i + 2*q + 2 = 5, -5*q = -5*i. Calculate the highest common factor of i and t.
1
Let j be (8/3)/((-1)/(-30)). Let s = -61 + 103. Suppose 5*x - 38 - s = 0. What is the highest common factor of x and j?
16
Let k(y) = y**3 + y**2 + 5. Let z be k(0). Let j = z - -11. Let u = -2170 - -2250. What is the highest common divisor of j and u?
16
Let h be 5/(-6 + (-614)/(-102)). Calculate the greatest common factor of 34 and h.
17
Suppose 0 = -3*x + 3*g + 294, -x + 99 = -0*x - 2*g. Let v = 35 + x. Calculate the greatest common factor of 22 and v.
22
Let k = -739 + 771. What is the greatest common divisor of k and 96?
32
Suppose -3*v = 15 - 27. Suppose 0*n = v*n - 32. What is the highest common divisor of n and 56?
8
Let c(s) = -s**3 + 10*s**2 + 30*s + 4. Let w be c(12). What is the greatest common factor of 4 and w?
4
Let l = -14 + 17. Suppose -l*j + o + 158 = 13, -3*j + 141 = 3*o. What is the greatest common divisor of 12 and j?
12
Suppose -6*a + 3*a = 18. Let c(p) = p**2 + 1 - 4 - 2*p + 2*p. Let l be c(a). What is the greatest common factor of 3 and l?
3
Let w = -45 - -81. Suppose 39*o - 270 = w*o. Calculate the greatest common factor of o and 18.
18
Let q(l) = l**3 + 3*l**2 + 2*l + 2. Let p be q(-2). Let n = -31 + 19. Let w = -9 - n. What is the highest common divisor of p and w?
1
Let t = 2447 - 995. Suppose -4*o = -5*y + 1284, -4*y - 4*o = -t + 396. What is the highest common factor of y and 20?
20
Let g(f) be the third derivative of 5*f**4/12 - 19*f**3/6 - 35*f**2. Let p be g(4). Calculate the highest common divisor of 21 and p.
21
Suppose 2*t = 7*t - 120. Let n = 19 - 59. Let k = -28 - n. Calculate the highest common divisor of t and k.
12
Let z be (14/4)/(1/2). Let j be 20 + -1 - (0 + -2). What is the greatest common divisor of j and z?
7
Suppose 179 = 6*t - 1. Let k be ((-11)/(-2))/(t/(-8) + 4). What is the highest common factor of 154 and k?
22
Let m = -2436 + 2596. Calculate the greatest common factor of 10 and m.
10
Suppose -284 = -4*y - 4*q, -6*y = -2*y - 5*q - 257. Suppose 2*z - 13 = -2*s + 11, 0 = 2*z - 4*s - 54. What is the greatest common factor of y and z?
17
Let g be 4/18 + 2966/18. Let x = 8 - -43. Let z = x + -36. Calculate the highest common divisor of g and z.
15
Let k = 203 - 195. Let r(z) = -z**2 + 7*z + 16. Let t be r(7). Calculate the highest common divisor of t and k.
8
Let y = 335 - 173. Let k = -144 + y. Let j(i) = 33*i - 3. Let x be j(5). What is the greatest common divisor of k and x?
18
Let b(j) = 26*j + 636. Let m be b(0). Calculate the greatest common divisor of m and 24.
12
Suppose 0 = -9*n + 36 + 9. Suppose 0 = 3*o - 3*x - n - 28, 5*x = o - 31. Calculate the greatest common divisor of 66 and o.
6
Let j be 20*-1*6/3. Let h = j + 57. What is the highest common divisor of 187 and h?
17
Let l = 399 + -247. Calculate the highest common divisor of 114 and l.
38
Suppose -3*p = -s - 180 - 106, -5*s = 3*p - 262. Let i = 98 - p. Calculate the highest common factor of i and 22.
2
Let h(q) = 2*q - 10. Let p be h(7). Suppose 6*j - 2*j = 2*w + 252, -260 = -p*j - 2*w. Let r = 420 + -404. Calculate the greatest common divisor of r and j.
16
Suppose 20 = -2*j + j. Let c be ((-24)/(-10))/((-2)/j). Suppose 376 = 2*l + 4*f, -2*f = -0*l - l + 196. What is the greatest common factor of l and c?
24
Let l(s) = -2*s - 5. Let t be l(-3). What is the greatest common divisor of 3 and t?
1
Suppose -639 = -s - 595. What is the greatest common factor of 220 and s?
44
Let k(u) = 6*u**2 - 58*u - 455. Let b be k(-9). Calculate the highest common factor of b and 7.
7
Suppose -9*g + 68 = 5*y - 5*g, y = -3*g + 18. What is the greatest common factor of y and 20?
4
Let f = -30 - -28. Let c be 173 + f - 3 - 0. Let x = 55 + -31. Calculate the highest common divisor of x and c.
24
Let r(m) = -m**2 - m. Let z(x) = -12*x**2 - 12*x + 2. Let v(l) = 18*r(l) - 2*z(l). Let h be v(-3). Calculate the highest common divisor of 8 and h.
8
Let w = -5756 + 5757. Let i = 31 + -61. Let k be 5*4/i*-12. What is the highest common factor of k and w?
1
Let j = -206 - -406. Calculate the highest common divisor of j and 8.
8
Suppose 2*c - 23 + 7 = 2*y, 0 = 5*c - 4*y - 42. Let u(l) = 5*l**2 + 3*l - 9. Let v be u(-2). Calculate the greatest common divisor of c and v.
5
Let n(m) = 152*m + 463. Let b be n(-3). What is the highest common divisor of 3227 and b?
7
Let k be 9/((-108)/(-172)) - (-6)/9. What is the greatest common factor of k and 3?
3
Suppose 0 = -3*a + 2*b + 283, 4*a - 380 = 4*b - 0*b. What is the greatest common divisor of 3 and a?
3
Let m = 101 - 59. Suppose 2*i + 5*n + 38 = 0, -3*i - 2*i + 3*n = 33. Let v(q) = -q + 19. Let u be v(i). Calculate the greatest common divisor of m and u.
14
Let k = -437 + 662. Suppose -537 + 52 = -5*m. Let l = k - m. What is the highest common divisor of l and 16?
16
Suppose 4*j - 5*j = 9. Let y be 4186/126 - (2/j)/(-1). Calculate the greatest common factor of y and 11.
11
Let h(c) = 2*c**2 - 3*c - 4. Let l be h(5). Let t = 51 - l. Suppose 5*d + 4*o = 50, 2*o = 3*o. Calculate the greatest common divisor of t and d.
10
Suppose 56 = 2*n - 124. Calculate the greatest common factor of 20 and n.
10
Let v(m) = -m**3 + 6*m**2 - 2*m - 1. Let l be 2/6*(4 + 2). Let q be v(l). Let j = 886 + -787. Calculate the highest common factor of q and j.
11
Suppose 3*c - 11*c + 704 = 0. What is the highest common factor of 44 and c?
44
Suppose 5*d - 5 = 5*u, -2*u = -5*d + 10 - 2. Let c be 4/4 + 9*u. Let k be (-1)/4 + 164/16. What is the greatest common divisor of c and k?
10
Let v be (105 + -119)*(-2 + 20/(-7)). Suppose 0 = -5*u - 5*p + 60, 2*p = -3*u - 2*p + 31. Calculate the highest common factor of u and v.
17
Suppose -85 = -6*u + u - 4*n, -2*n + 85 = 5*u. Calculate the highest common factor of 340 and u.
17
Let w = 197 - -75. Calculate the greatest common divisor of w and 34.
34
Let q = 10 + -7. Let y be 4/q*45/6. Let c(v) = -4*v**3 - 4*v**2 - 2*v. Let r be c(-2). What is the greatest common divisor of y and r?
10
Let w(o) = o**2 - 3*o - 1. Let a = -3 - -6. Let d be w(a). Let q be -14*(d/(-7) + -1). What is the highest common factor of 8 and q?
4
Suppose 0 = -0*b + 4*b + 4*g + 8, 5*g = -10. Suppose b*l + 150 = 5*l. Let c be (-5 + 9)/(3/l). What is the highest common divisor of c and 8?
8
Let m be 132 - (3/5 + 108/(-30)). Let w = m + -113. What is the greatest common factor of w and 242?
22
Suppose 5*q + b = 316, -5*b - 44 - 14 = -q. Let m be (54/24)/((-15)/(-280)). What is the highest common factor of q and m?
21
Suppose -10*p + 346 = -6*p + 3*c, 0 = -2*c - 4. What is the greatest common factor of p and 1276?
44
Suppose 5*i + 5*s - 40 = 0, -2*s + 0*s = -i + 14. Calculate the greatest common factor of 215 and i.
5
Let c(o) = 5*o**2 + 11*o + 44. Let a be c(-4). What is the greatest common factor of 5 and a?
5
Let m(z) = -z + 14. Let h be m(17). Let v be ((-4)/6 - 1)*h. Suppose v*c = 1 + 44. Calculate the highest common factor of 81 and c.
9
Let q(d) = -20*d + 578. Let i be q(19). What is the greatest common divisor of 88 and i?
22
Suppose 0 = 58*w - 8106 - 11034. Calculate the greates